{"id":35,"date":"2024-02-14T15:55:41","date_gmt":"2024-02-14T14:55:41","guid":{"rendered":"https:\/\/matematickyklokan.upol.cz\/?page_id=35"},"modified":"2025-01-24T20:42:07","modified_gmt":"2025-01-24T19:42:07","slug":"organizacni-vybor-souteze","status":"publish","type":"page","link":"https:\/\/matematickyklokan.upol.cz\/?page_id=35","title":{"rendered":"Organiza\u010dn\u00ed v\u00fdbor sout\u011b\u017ee"},"content":{"rendered":"<p><strong>P\u0159edseda organiza\u010dn\u00edho v\u00fdboru:<\/strong><\/p>\n<p class=\"has-small-font-size\"><strong>doc. Radka Dofkov\u00e1<\/strong><br \/>\nKatedra matematiky, Pedagogick\u00e1 fakulta, Univerzita Palack\u00e9ho v Olomouci<br \/>\ntel.: 58 563 5701<br \/>\ne-mail: radka.dofkova@upol.cz<\/p>\n<hr \/>\n<p><strong>M\u00edstop\u0159edseda organiza\u010dn\u00edho v\u00fdboru, z\u00e1stupce \u010cR v <em>Association Kangourou sans Frontieres<\/em>:<\/strong><\/p>\n<p class=\"has-small-font-size\"><strong>dr. Vladim\u00edr Van\u011bk<\/strong><br \/>\n\u010dlen v\u00fdboru pobo\u010dn\u00e9ho spolku J\u010cMF Olomouc<br \/>\nKatedra algebry a geometrie, P\u0159\u00edrodov\u011bdeck\u00e1 fakulta, Univerzita Palack\u00e9ho v Olomouci<br \/>\ntel.: 58 563 4645<br \/>\ne-mail: vladimir.vanek@upol.cz<\/p>\n<hr \/>\n<p><strong>Hospod\u00e1\u0159:<\/strong><\/p>\n<p class=\"has-small-font-size\"><strong>prof. Josef Moln\u00e1r<\/strong><br \/>\np\u0159edseda pobo\u010dn\u00e9ho spolku J\u010cMF Olomouc<br \/>\nKatedra algebry a geometrie, P\u0159\u00edrodov\u011bdeck\u00e1 fakulta, Univerzita Palack\u00e9ho v Olomouci<br \/>\ntel.: 58 563 4657<br \/>\ne-mail: josef.molnar@upol.cz<\/p>\n<hr \/>\n<p><strong>Tajemn\u00edk sout\u011b\u017ee:<\/strong><\/p>\n<p class=\"has-small-font-size\"><strong>Silvie Zatloukalov\u00e1<\/strong><br \/>\nsekretari\u00e1t sout\u011b\u017ee<br \/>\nKatedra algebry a geometrie,\u00a0P\u0159\u00edrodov\u011bdeck\u00e1 fakulta, Univerzita Palack\u00e9ho v Olomouci<br \/>\ntel.: 58 563 4651<br \/>\ne-mail:\u00a0silvie.zatloukalova@upol.cz<\/p>\n<hr \/>\n<p><strong>\u010clenov\u00e9 v\u00fdboru:<\/strong><\/p>\n<p class=\"has-small-font-size\"><strong>dr. Eva B\u00e1rtkov\u00e1<\/strong><strong><br \/>\ndr. Pavel Cal\u00e1bek<br \/>\ndr. David Nocar<br \/>\ndr. Eva Nov\u00e1kov\u00e1<br \/>\ndr. Martina Uhl\u00ed\u0159ov\u00e1<\/strong><\/p>\n","protected":false},"excerpt":{"rendered":"<p>P\u0159edseda organiza\u010dn\u00edho v\u00fdboru: doc. Radka Dofkov\u00e1 Katedra matematiky, Pedagogick\u00e1 fakulta, Univerzita Palack\u00e9ho v Olomouci tel.: 58 563 5701 e-mail: radka.dofkova@upol.cz M\u00edstop\u0159edseda organiza\u010dn\u00edho v\u00fdboru, z\u00e1stupce \u010cR v Association Kangourou sans Frontieres: dr. Vladim\u00edr Van\u011bk \u010dlen v\u00fdboru pobo\u010dn\u00e9ho spolku J\u010cMF Olomouc Katedra algebry a geometrie, P\u0159\u00edrodov\u011bdeck\u00e1 fakulta, Univerzita Palack\u00e9ho v Olomouci tel.: 58 563 4645 e-mail: vladimir.vanek@upol.cz <a class=\"more-link\" href=\"https:\/\/matematickyklokan.upol.cz\/?page_id=35\">\u010c\u00edst v\u00edce&#8230;<\/a><\/p>\n","protected":false},"author":1,"featured_media":0,"parent":0,"menu_order":0,"comment_status":"closed","ping_status":"closed","template":"","meta":{"footnotes":""},"class_list":["post-35","page","type-page","status-publish","hentry"],"_links":{"self":[{"href":"https:\/\/matematickyklokan.upol.cz\/index.php?rest_route=\/wp\/v2\/pages\/35","targetHints":{"allow":["GET"]}}],"collection":[{"href":"https:\/\/matematickyklokan.upol.cz\/index.php?rest_route=\/wp\/v2\/pages"}],"about":[{"href":"https:\/\/matematickyklokan.upol.cz\/index.php?rest_route=\/wp\/v2\/types\/page"}],"author":[{"embeddable":true,"href":"https:\/\/matematickyklokan.upol.cz\/index.php?rest_route=\/wp\/v2\/users\/1"}],"replies":[{"embeddable":true,"href":"https:\/\/matematickyklokan.upol.cz\/index.php?rest_route=%2Fwp%2Fv2%2Fcomments&post=35"}],"version-history":[{"count":14,"href":"https:\/\/matematickyklokan.upol.cz\/index.php?rest_route=\/wp\/v2\/pages\/35\/revisions"}],"predecessor-version":[{"id":714,"href":"https:\/\/matematickyklokan.upol.cz\/index.php?rest_route=\/wp\/v2\/pages\/35\/revisions\/714"}],"wp:attachment":[{"href":"https:\/\/matematickyklokan.upol.cz\/index.php?rest_route=%2Fwp%2Fv2%2Fmedia&parent=35"}],"curies":[{"name":"wp","href":"https:\/\/api.w.org\/{rel}","templated":true}]}}