{"id":18,"date":"2024-02-14T15:43:43","date_gmt":"2024-02-14T14:43:43","guid":{"rendered":"https:\/\/matematickyklokan.upol.cz\/?page_id=18"},"modified":"2024-10-09T15:56:07","modified_gmt":"2024-10-09T13:56:07","slug":"aktuality","status":"publish","type":"page","link":"https:\/\/matematickyklokan.upol.cz\/?page_id=18","title":{"rendered":"Aktuality"},"content":{"rendered":"<figure class=\"wp-block-image size-full is-resized\"><img loading=\"lazy\" decoding=\"async\" width=\"257\" height=\"196\" class=\"wp-image-111\" style=\"width: 123px; height: auto;\" src=\"https:\/\/matematickyklokan.upol.cz\/wp-content\/uploads\/2024\/02\/MUNI-ECON.png\" alt=\"\" \/><\/figure>\n<p><strong>Prominut\u00ed p\u0159ij\u00edmac\u00ed zkou\u0161ky<\/strong><\/p>\n<p class=\"has-text-align-left has-small-font-size\" style=\"text-align: justify;\">Ekonomicko-spr\u00e1vn\u00ed fakulta Masarykovy univerzity promine p\u0159ij\u00edmac\u00ed zkou\u0161ku pro ak. rok 2025\/2026 \u00fa\u010dastn\u00edk\u016fm v sout\u011b\u017ei <em>Matematick\u00fd klokan \u2013 kategorie Student<\/em>\u00a0a to v p\u0159\u00edpad\u011b, \u017ee se um\u00edst\u00ed v celost\u00e1tn\u00edm kole s\u00a0bodov\u00fdm hodnocen\u00edm 115 bod\u016f a v\u00fd\u0161e.<\/p>\n<p class=\"has-small-font-size\">Informace o prominut\u00ed p\u0159ij\u00edmac\u00ed zkou\u0161ky naleznete na webu fakulty:<br \/>\n<a href=\"https:\/\/www.econ.muni.cz\/pro-uchazece\/bakalarske-studium\/prominuti-prijimaci-zkousky\" target=\"_blank\" rel=\"noreferrer noopener\">https:\/\/www.econ.muni.cz\/pro-uchazece\/bakalarske-studium\/prominuti-prijimaci-zkousky#<\/a><\/p>\n<p>&nbsp;<\/p>\n","protected":false},"excerpt":{"rendered":"<p>Prominut\u00ed p\u0159ij\u00edmac\u00ed zkou\u0161ky Ekonomicko-spr\u00e1vn\u00ed fakulta Masarykovy univerzity promine p\u0159ij\u00edmac\u00ed zkou\u0161ku pro ak. rok 2025\/2026 \u00fa\u010dastn\u00edk\u016fm v sout\u011b\u017ei Matematick\u00fd klokan \u2013 kategorie Student\u00a0a to v p\u0159\u00edpad\u011b, \u017ee se um\u00edst\u00ed v celost\u00e1tn\u00edm kole s\u00a0bodov\u00fdm hodnocen\u00edm 115 bod\u016f a v\u00fd\u0161e. Informace o prominut\u00ed p\u0159ij\u00edmac\u00ed zkou\u0161ky naleznete na webu fakulty: https:\/\/www.econ.muni.cz\/pro-uchazece\/bakalarske-studium\/prominuti-prijimaci-zkousky# &nbsp;<\/p>\n","protected":false},"author":1,"featured_media":0,"parent":0,"menu_order":0,"comment_status":"closed","ping_status":"closed","template":"","meta":{"footnotes":""},"class_list":["post-18","page","type-page","status-publish","hentry"],"_links":{"self":[{"href":"https:\/\/matematickyklokan.upol.cz\/index.php?rest_route=\/wp\/v2\/pages\/18","targetHints":{"allow":["GET"]}}],"collection":[{"href":"https:\/\/matematickyklokan.upol.cz\/index.php?rest_route=\/wp\/v2\/pages"}],"about":[{"href":"https:\/\/matematickyklokan.upol.cz\/index.php?rest_route=\/wp\/v2\/types\/page"}],"author":[{"embeddable":true,"href":"https:\/\/matematickyklokan.upol.cz\/index.php?rest_route=\/wp\/v2\/users\/1"}],"replies":[{"embeddable":true,"href":"https:\/\/matematickyklokan.upol.cz\/index.php?rest_route=%2Fwp%2Fv2%2Fcomments&post=18"}],"version-history":[{"count":22,"href":"https:\/\/matematickyklokan.upol.cz\/index.php?rest_route=\/wp\/v2\/pages\/18\/revisions"}],"predecessor-version":[{"id":591,"href":"https:\/\/matematickyklokan.upol.cz\/index.php?rest_route=\/wp\/v2\/pages\/18\/revisions\/591"}],"wp:attachment":[{"href":"https:\/\/matematickyklokan.upol.cz\/index.php?rest_route=%2Fwp%2Fv2%2Fmedia&parent=18"}],"curies":[{"name":"wp","href":"https:\/\/api.w.org\/{rel}","templated":true}]}}